{"id":4855,"date":"2026-03-19T21:25:59","date_gmt":"2026-03-19T21:25:59","guid":{"rendered":""},"modified":"2026-04-11T03:16:11","modified_gmt":"2026-04-11T00:16:11","slug":"legal","status":"publish","type":"page","link":"https:\/\/shifton.com\/service\/sv\/legal\/","title":{"rendered":"Juridik"},"content":{"rendered":"","protected":false},"excerpt":{"rendered":"","protected":false},"author":1,"featured_media":0,"parent":0,"menu_order":0,"comment_status":"closed","ping_status":"closed","template":"page-legal.php","meta":{"_seopress_robots_primary_cat":"","_seopress_titles_title":"Juridisk information \u2014 villkor och integritet","_seopress_titles_desc":"Juridisk information \u2014 anv\u00e4ndarvillkor, integritetspolicy, databehandling och efterlevnad f\u00f6r programvara f\u00f6r f\u00e4ltservicehantering.","_seopress_robots_index":"","footnotes":""},"class_list":["post-4855","page","type-page","status-publish","hentry"],"lang":"sv","translations":{"sv":4855,"en":261,"af":4822,"ar":4823,"az":4824,"bg":4825,"bn":4826,"cs":4827,"da":4828,"de":4829,"el":4830,"es":4831,"et":4832,"fi":4833,"fr":4834,"he":4835,"hi":4836,"hr":4837,"hu":4838,"id":4839,"it":4840,"ja":4841,"kk":4842,"ko":4843,"lt":4844,"lv":4845,"mk":4846,"nl":4847,"nb":4848,"pl":4849,"pt":4850,"ro":4851,"ru":4852,"sk":4853,"sl":4854,"th":4856,"tl":4857,"tr":4858,"uk":4859,"vi":4860,"zh":4861},"pll_sync_post":[],"_links":{"self":[{"href":"https:\/\/shifton.com\/service\/wp-json\/wp\/v2\/pages\/4855","targetHints":{"allow":["GET"]}}],"collection":[{"href":"https:\/\/shifton.com\/service\/wp-json\/wp\/v2\/pages"}],"about":[{"href":"https:\/\/shifton.com\/service\/wp-json\/wp\/v2\/types\/page"}],"author":[{"embeddable":true,"href":"https:\/\/shifton.com\/service\/wp-json\/wp\/v2\/users\/1"}],"replies":[{"embeddable":true,"href":"https:\/\/shifton.com\/service\/wp-json\/wp\/v2\/comments?post=4855"}],"version-history":[{"count":0,"href":"https:\/\/shifton.com\/service\/wp-json\/wp\/v2\/pages\/4855\/revisions"}],"wp:attachment":[{"href":"https:\/\/shifton.com\/service\/wp-json\/wp\/v2\/media?parent=4855"}],"curies":[{"name":"wp","href":"https:\/\/api.w.org\/{rel}","templated":true}]}}