{"id":205,"date":"2026-03-19T06:40:46","date_gmt":"2026-03-19T04:40:46","guid":{"rendered":"https:\/\/shifton.local\/about-cs\/"},"modified":"2026-04-11T03:06:46","modified_gmt":"2026-04-11T00:06:46","slug":"about-us","status":"publish","type":"page","link":"https:\/\/shifton.com\/service\/cs\/about-us\/","title":{"rendered":"O n\u00e1s"},"content":{"rendered":"","protected":false},"excerpt":{"rendered":"","protected":false},"author":1,"featured_media":0,"parent":0,"menu_order":0,"comment_status":"closed","ping_status":"closed","template":"page-about.php","meta":{"_seopress_robots_primary_cat":"","_seopress_titles_title":"O Shifton pro ter\u00e9nn\u00ed slu\u017eby \u2013 n\u00e1\u0161 p\u0159\u00edb\u011bh a mise","_seopress_titles_desc":"Seznamte se se Shifton pro ter\u00e9nn\u00ed slu\u017eby \u2013 t\u00fdmem za all-in-one platformou pro pl\u00e1nov\u00e1n\u00ed, dispe\u010dink a \u0159\u00edzen\u00ed ter\u00e9nn\u00edch t\u00fdm\u016f po cel\u00e9m sv\u011bt\u011b.","_seopress_robots_index":"","footnotes":""},"class_list":["post-205","page","type-page","status-publish","hentry"],"lang":"cs","translations":{"cs":205,"en":106,"de":180,"es":181,"fr":182,"it":183,"pt":184,"nl":185,"pl":186,"ru":187,"uk":188,"tr":189,"ar":190,"he":191,"zh":192,"ja":193,"ko":194,"hi":195,"bn":196,"th":197,"vi":198,"id":199,"tl":200,"sv":201,"nb":202,"da":203,"fi":204,"sk":206,"hu":207,"ro":208,"bg":209,"hr":210,"sl":211,"et":212,"lv":213,"lt":214,"el":215,"mk":216,"kk":217,"az":218,"af":219},"pll_sync_post":[],"_links":{"self":[{"href":"https:\/\/shifton.com\/service\/wp-json\/wp\/v2\/pages\/205","targetHints":{"allow":["GET"]}}],"collection":[{"href":"https:\/\/shifton.com\/service\/wp-json\/wp\/v2\/pages"}],"about":[{"href":"https:\/\/shifton.com\/service\/wp-json\/wp\/v2\/types\/page"}],"author":[{"embeddable":true,"href":"https:\/\/shifton.com\/service\/wp-json\/wp\/v2\/users\/1"}],"replies":[{"embeddable":true,"href":"https:\/\/shifton.com\/service\/wp-json\/wp\/v2\/comments?post=205"}],"version-history":[{"count":0,"href":"https:\/\/shifton.com\/service\/wp-json\/wp\/v2\/pages\/205\/revisions"}],"wp:attachment":[{"href":"https:\/\/shifton.com\/service\/wp-json\/wp\/v2\/media?parent=205"}],"curies":[{"name":"wp","href":"https:\/\/api.w.org\/{rel}","templated":true}]}}