{"id":167,"date":"2026-03-19T06:40:45","date_gmt":"2026-03-19T04:40:45","guid":{"rendered":"https:\/\/shifton.local\/pricing-hu\/"},"modified":"2026-04-11T03:06:48","modified_gmt":"2026-04-11T00:06:48","slug":"pricing","status":"publish","type":"page","link":"https:\/\/shifton.com\/service\/hu\/pricing\/","title":{"rendered":"\u00c1rak"},"content":{"rendered":"","protected":false},"excerpt":{"rendered":"","protected":false},"author":1,"featured_media":0,"parent":0,"menu_order":0,"comment_status":"closed","ping_status":"closed","template":"page-pricing.php","meta":{"_seopress_robots_primary_cat":"","_seopress_titles_title":"Shifton szerviz\u00e1rak - Csomagok \u00e9s k\u00f6lts\u00e9gek","_seopress_titles_desc":"Tekintse meg a Shifton d\u00edjcsomagjait - ingyenes csomag 2 f\u0151ig, 55 napos pr\u00f3baid\u0151szak \u00e9s rugalmas, dolgoz\u00f3nk\u00e9nti \u00e1rak m\u00e1r $1\/h\u00f3-t\u00f3l.","_seopress_robots_index":"","footnotes":""},"class_list":["post-167","page","type-page","status-publish","hentry"],"lang":"hu","translations":{"hu":167,"en":101,"de":140,"es":141,"fr":142,"it":143,"pt":144,"nl":145,"pl":146,"ru":147,"uk":148,"tr":149,"ar":150,"he":151,"zh":152,"ja":153,"ko":154,"hi":155,"bn":156,"th":157,"vi":158,"id":159,"tl":160,"sv":161,"nb":162,"da":163,"fi":164,"cs":165,"sk":166,"ro":168,"bg":169,"hr":170,"sl":171,"et":172,"lv":173,"lt":174,"el":175,"mk":176,"kk":177,"az":178,"af":179},"pll_sync_post":[],"_links":{"self":[{"href":"https:\/\/shifton.com\/service\/wp-json\/wp\/v2\/pages\/167","targetHints":{"allow":["GET"]}}],"collection":[{"href":"https:\/\/shifton.com\/service\/wp-json\/wp\/v2\/pages"}],"about":[{"href":"https:\/\/shifton.com\/service\/wp-json\/wp\/v2\/types\/page"}],"author":[{"embeddable":true,"href":"https:\/\/shifton.com\/service\/wp-json\/wp\/v2\/users\/1"}],"replies":[{"embeddable":true,"href":"https:\/\/shifton.com\/service\/wp-json\/wp\/v2\/comments?post=167"}],"version-history":[{"count":0,"href":"https:\/\/shifton.com\/service\/wp-json\/wp\/v2\/pages\/167\/revisions"}],"wp:attachment":[{"href":"https:\/\/shifton.com\/service\/wp-json\/wp\/v2\/media?parent=167"}],"curies":[{"name":"wp","href":"https:\/\/api.w.org\/{rel}","templated":true}]}}